 + 79, l = 2*f - 4*c. Calculate the remainder when -2 + (4 - -65 - 3) is divided by f.
20
Let j(o) = 8*o + 202. What is the remainder when 193 is divided by j(-17)?
61
What is the remainder when 104 is divided by 8/32 + 166/8?
20
Suppose -39*h = -56*h + 782. Calculate the remainder when 51 is divided by h.
5
Let i = 314 + -304. Let k = -112 + -19. Let s = -92 - k. Calculate the remainder when s is divided by i.
9
Let v(x) = x**2 - 3*x - 8. Let r be (-5)/(-2)*(0 + 2). Calculate the remainder when 2 is divided by v(r).
0
Let k(v) = -v - 9. Let h be k(-11). Suppose 0*z - 4*r = -z - 7, h*z - 4 = 2*r. Suppose 35 - 160 = -z*d. Calculate the remainder when d is divided by 13.
12
Suppose -4 = -3*t + 218. Let v(f) = -f**2 + 10*f - 9. Suppose 10 = 2*i - q, -34 = -4*i - 4*q - q. What is the remainder when t is divided by v(i)?
14
Suppose 3*m = 5*m. Suppose m = -5*l - 97 - 153. What is the remainder when (18/(-15))/(1/l) is divided by 21?
18
Suppose -4*q + 2*q = -172. Let p = q + -3. Calculate the remainder when p is divided by 17.
15
Let z = 144 + -77. Let r be 49 + (3 - -1) + -2. Suppose -r = 3*u - 6*u. What is the remainder when z is divided by u?
16
Suppose 2*a + 3*n + n = -508, 3*n - 983 = 4*a. Let h = a - -372. Suppose 0*x = -4*x + h. What is the remainder when x is divided by 16?
15
Suppose -5*u + 0*u = -l - 305, -4*u - l + 244 = 0. Suppose 0*f + 4*f = 84. Calculate the remainder when u is divided by f.
19
Let b = -54 - -59. What is the remainder when 74 is divided by 2*b/1*2?
14
Let j(a) = a**2 - 12*a - 3. Suppose 2*x - 3*x = -2. Suppose 0 = -m - x + 20. What is the remainder when m is divided by j(13)?
8
Suppose m + 4*l = 166 + 165, -3*m + 4*l = -1025. What is the remainder when m is divided by 57?
54
Suppose 2*g = g + 7. Let f be 0/g - (0 + -12). Suppose -r + 4*r = f. What is the remainder when r is divided by 2?
0
Suppose -42 = -26*d + 23*d. Suppose 208 = -0*x + 4*x. Calculate the remainder when x is divided by d.
10
Let v = -11 + 25. Suppose 5*a + 7*q = 8*q + 121, 4*a - 5*q - 80 = 0. What is the remainder when a is divided by v?
11
Suppose 7 = 2*n - 5. Suppose n*u + 160 = 11*u. Suppose -u = -3*k - 14. Calculate the remainder when 23 is divided by k.
5
Suppose -2*k - 3*i - 8 = 0, 3*k - 9 + 35 = -i. Let f = k - -12. Suppose 141 = -f*m + 5*m. Calculate the remainder when m is divided by 12.
11
Let o(v) = -25*v + 268. Calculate the remainder when 557 is divided by o(9).
41
Let b(r) = -r**3 + 18*r**2 + 9*r - 146. What is the remainder when 0 - 3/((-6)/92) is divided by b(18)?
14
Let w(q) = 3*q**2 + 6*q - 24. Let i be w(-11). Let n = i + -176. What is the remainder when n is divided by 20?
17
Let q(t) = -t**3 - 4*t**2 - 7*t - 6. Let y be (-3)/((-3)/(-6 + 3)). Calculate the remainder when 1/((-2)/(-42)*1) is divided by q(y).
3
Let c(t) = 2*t - 11*t**2 + 9 + 0*t - 3*t - t**3. What is the remainder when 37 is divided by c(-11)?
17
Let k = -11 - -22. Suppose 2*w + 85 = 5*d - 2*w, w - 34 = -2*d. Calculate the remainder when k/(-1*2/(-12)) is divided by d.
15
Let l = 169 - 99. Let j = -69 + l. What is the remainder when 6 is divided by j?
0
Suppose -3*b - 11 = 4*y, 0 = -3*b - 2*b - 4*y - 21. Calculate the remainder when b/30 + (1 - (-867)/18) is divided by 10.
9
Suppose 39 = -17*d + 515. Let c(m) = -57*m - 3. What is the remainder when c(-2) is divided by d?
27
Suppose h - 6 + 3 = 0, -5*h - 81 = -t. Suppose -t = -n - 17. What is the remainder when n is divided by 10?
9
Suppose -4*t - t + 25 = 0. Suppose -30 = t*q - 2*q. Let h = 15 + q. What is the remainder when 15 is divided by h?
0
Suppose l + 82 = 2*a, -a + 41 = -0*a + l. Let q = 42 + -27. What is the remainder when a is divided by q?
11
Let p(b) = b**3 - 20*b**2 - 117*b + 21. What is the remainder when p(25) is divided by 58?
47
Let x = 22 - -35. Let h = 62 - x. What is the remainder when 21 is divided by h?
1
Let r(l) = l**3 + 47*l**2 + 89*l - 33. What is the remainder when 323 is divided by r(-45)?
11
Suppose a + 2*o = 254, -3*o = -21*a + 25*a - 1026. Calculate the remainder when a is divided by 44.
38
Let s be (-64)/(-3)*12/8. Suppose -6*p - 14 = -s. Suppose -47 = -2*a - p. What is the remainder when a is divided by 12?
10
Calculate the remainder when (-852)/24*-58 + -12 is divided by 25.
22
Suppose a - 2 = 7. Let f(w) = -w**3 + 10*w**2 - 5*w + 3. Let x be f(4). Suppose 4*n = x - 15. What is the remainder when n is divided by a?
7
Let f(x) = -x**2 + 16*x + 20. What is the remainder when 172 is divided by f(15)?
32
What is the remainder when 48 is divided by (8/14)/2 + (-4268)/(-154)?
20
Calculate the remainder when 9 is divided by -18*8/(-6)*15/60.
3
Let y(j) = -4*j**3 - j**2 - 10*j + 103. Let t(k) = -3*k**3 - 8*k + 103. Let m(h) = 5*t(h) - 4*y(h). What is the remainder when m(0) is divided by 27?
22
Let z = -40 - -66. Suppose -2*w + z = 2*i - 16, 3*w = 4*i + 42. Let v(q) = -q**3 - 34*q**2 + 26*q - 310. What is the remainder when w is divided by v(-35)?
3
Let y be (-4 - (-150)/39) + 112/52. Suppose -3 = v, -1 - 35 = -m + y*v. Calculate the remainder when 179 is divided by m.
29
Let v(g) = 6*g**3 - 9*g**3 - 10 + 11*g + 4*g**3 - 3 - 8*g**2. Suppose 3*s - 15 = 3*r + 120, 4*r = -3*s + 128. Calculate the remainder when s is divided by v(7).
14
Let w(k) = -2*k - 2. Let v = -15 - -19. Suppose -7*b + 8*b - v = 0. What is the remainder when w(-8) is divided by b?
2
Let o = 29 - 5. Suppose 11 - 149 = -3*y. What is the remainder when y is divided by o?
22
Suppose 2*i + 1526 = 4*q, q - 176 = -3*i + 223. Suppose 5*y = -y + q. Calculate the remainder when y is divided by 6.
4
Let q(d) = -d**3 + 5*d**2 - 4*d - 1. Let r be q(2). Calculate the remainder when 32 is divided by 42/r - (-2 - 1).
15
Let a(v) = -v**2 + 25*v - 2. Calculate the remainder when 130 is divided by a(23).
42
Suppose b - 20 + 0 = 0. Let t = b + -12. Calculate the remainder when (((-336)/9)/8)/(2/(-6)) is divided by t.
6
Let x(p) = -84*p**3 + 2*p**2 + 7*p + 6. Calculate the remainder when x(-1) is divided by 11.
8
Suppose 35 = -t + 239. Calculate the remainder when t is divided by 52.
48
Suppose x = -4*h + 28 + 38, -3*h - 2*x + 52 = 0. What is the remainder when 49 is divided by h?
1
Let a(x) = 3*x + 45. Suppose 15 = -5*b, 2*u + 0*b + 2*b + 28 = 0. What is the remainder when 35 is divided by a(u)?
11
Suppose 3*b + 2*c - 64 = 0, -b - 50 = -4*b + 5*c. Suppose -x = 3*x - 228. What is the remainder when x is divided by b?
17
What is the remainder when ((-7 - -10) + 6)/1 is divided by 5?
4
Suppose -a = -3*a + 5*k - 7, 0 = 3*a - 4*k + 14. Let q = a - -10. Suppose 6*t - 18 = -3*t. What is the remainder when q is divided by t?
0
Let x = -261 + 520. What is the remainder when x is divided by 65?
64
Let j(m) = -m**2 + 2*m - 6. Let z be j(-6). Let v be -3 - 6/2 - 781/11. Let c = z - v. Calculate the remainder when c is divided by 13.
10
Let p be (1 - 0) + 30/(-6) + -1. Let q(a) = -a**2 - 8*a - 3. Calculate the remainder when 39 is divided by q(p).
3
Calculate the remainder when (348/(-30) + 4)/((-4)/50) is divided by 7.
4
Let x(d) = d**3 + 6*d**2 - 9*d - 7. Let y be x(-7). Suppose -4*w + 3*o = -763, 2*o = -y*w + 2*w + 948. Calculate the remainder when w is divided by 32.
30
Let p(i) be the first derivative of i**3 + 4*i + 11 + 1/2*i**4 - 3/2*i**2. Calculate the remainder when p(2) is divided by 14.
12
Let w(z) be the second derivative of -47*z**5/20 - z**4/6 + z**3/2 + 2*z**2 + 13*z. Calculate the remainder when w(-1) is divided by 6.
4
Suppose 4*s = -5*y + 295, -4*s + 117 + 179 = 4*y. Suppose -5*m + 23 = x, 3*m + 8 = 7*m. Calculate the remainder when s is divided by x.
10
Suppose -2 = 4*d - 10. Suppose -d*h - 2*h - 20 = 0, 0 = -v + 4*h + 91. What is the remainder when v is divided by 36?
35
Let i = -372 + 425. Calculate the remainder when 154 is divided by i.
48
Let t = 96 - 55. Let g = t + -29. Calculate the remainder when 46 is divided by g.
10
Let c = 7 + -4. Suppose x - 2*x + c*d - 10 = 0, 5*x - 3*d = 10. Suppose -2*s + 6*s = x*k - 35, -3*k = 3*s - 21. What is the remainder when 18 is divided by k?
4
Let k(x) = -2*x + 316. Calculate the remainder when k(28) is divided by 32.
4
Let i = -1800 - -1833. What is the remainder when 164 is divided by i?
32
Let d = 21 + 27. Let f = 151 - d. Suppose -5*j + 2*y + 527 = 0, -y = j + y - f. What is the remaind